{"id":31084,"date":"2025-03-08T16:09:12","date_gmt":"2025-03-08T16:09:12","guid":{"rendered":"https:\/\/quantfury.com\/contact-us\/"},"modified":"2025-09-11T18:30:48","modified_gmt":"2025-09-11T18:30:48","slug":"contacte-nos","status":"publish","type":"page","link":"https:\/\/quantfury.com\/portuge\/contacte-nos\/","title":{"rendered":"Contacte-nos"},"content":{"rendered":"<section\n        class=\"s-intro  content-default    right  \">\n            <div class=\"s-intro__picture\">\n                <img loading=\"lazy\" decoding=\"async\" class=\"s-intro__img right el-image\" src=\"https:\/\/quantfury.com\/wp-content\/uploads\/2025\/03\/i-Our-Global-Offices.svg\" alt=\"\"  width=\"1\" height=\"1\">\n        <\/div>\n            <div class=\"s-intro__container\">\n                    <h1 class=\"s-intro__title\">\n                Nossos escrit\u00f3rios globais\n            <\/h1>\n        \n                    <div class=\"s-intro__description\">\n                Pode encontrar desenvolvedores de produtos, cientistas, especialistas de suporte e consultores da Quantfury em todo o mundo.\n            <\/div>\n        \n        \n                        <div class=\"s-intro__divider el-divider el-divider--colorfully\">\n            <div class=\"diamond\"><\/div>\n            <div class=\"diamond\"><\/div>\n        <\/div>\n    <\/div>\n    <div class=\"el-lines\">\n        <div class=\"el-lines__line\"><\/div>\n        <div class=\"el-lines__line\"><\/div>\n        <div class=\"el-lines__line\"><\/div>\n        <div class=\"el-lines__line\"><\/div>\n        <div class=\"el-lines__line\"><\/div>\n    <\/div>\n<\/section>\n\n<section class=\"s-contact-us\">\n    <div class=\"s-contact-us__container\">\n        <div class=\"s-contact-us__content\">\n                                                <div class=\"s-contact-us__region\">\n                        <h2 class=\"s-contact-us__region-title\">Am\u00e9rica do Norte<\/h2>\n                        <div class=\"s-contact-us__divider el-divider el-divider--secondary\">\n                            <div class=\"diamond\"><\/div>\n                            <div class=\"diamond\"><\/div>\n                        <\/div>\n                                                    <ul class=\"s-contact-us__address-list\">\n                                                                    <li class=\"s-contact-us__address-item\">\n                                        <div class=\"s-contact-us__office\">\n                                            <h4>Nassau<\/h4>\n                                                                                            <span>Sede da empresa<\/span>\n                                                                                    <\/div>\n                                        <div class=\"s-contact-us__address-content\">\n                                            <p class=\"s-contact-us__address\">\n                                                Lyford Cay House, Western Road\r\n<br\/>\r\n4th Floor\r\n<br\/>\r\nNassau, The Bahamas\n                                            <\/p>\n                                                                                        <div class=\"s-contact-us__contacts\">\n                                                                                                    <p>T +1 242 362-6170<\/p>\n                                                                                                                                                    <p>F +1 242 362-6152<\/p>\n                                                                                            <\/div>\n                                        <\/div>\n                                    <\/li>\n                                                            <\/ul>\n                                            <\/div>\n                                    <div class=\"s-contact-us__region\">\n                        <h2 class=\"s-contact-us__region-title\">Europa<\/h2>\n                        <div class=\"s-contact-us__divider el-divider \">\n                            <div class=\"diamond\"><\/div>\n                            <div class=\"diamond\"><\/div>\n                        <\/div>\n                                                    <ul class=\"s-contact-us__address-list\">\n                                                                    <li class=\"s-contact-us__address-item\">\n                                        <div class=\"s-contact-us__office\">\n                                            <h4>London<\/h4>\n                                                                                            <span>Sede da empresa<\/span>\n                                                                                    <\/div>\n                                        <div class=\"s-contact-us__address-content\">\n                                            <p class=\"s-contact-us__address\">\n                                                1 Bolton Street\r\n<br\/>\r\n4th Floor\r\n<br\/>\r\nLondon, W1J 8HY\n                                            <\/p>\n                                                                                        <div class=\"s-contact-us__contacts\">\n                                                                                                    <p>T +44 203-161-6852<\/p>\n                                                                                                                                            <\/div>\n                                        <\/div>\n                                    <\/li>\n                                                            <\/ul>\n                                            <\/div>\n                                    <\/div>\n                    <div class=\"s-contact-us__navigation\">\n                <div class=\"s-contact-us__navigation-content\">\n                                            <h4 class=\"s-contact-us__navigation-title\">Entre em contato<\/h4>\n                                                                <p class=\"s-contact-us__navigation-text\">Precisa de falar com um membro da equipa? Pedido de informa\u00e7\u00e3o para os media? O nosso formul\u00e1rio lig\u00e1-lo-\u00e1 \u00e0 pessoa certa.<\/p>\n                                                                <a class=\"s-contact-us__navigation-btn btn btn--with-arrow\" data-link\n                           href=\"https:\/\/quantfury.com\/portuge\/contacte-nos\/form\/\"\n                           data-prefetch\n                           aria-label=\"Contacte-nos\">Contacte-nos<\/a>\n                                    <\/div>\n            <\/div>\n            <\/div>\n    <div class=\"el-lines\">\n        <div class=\"el-lines__line\"><\/div>\n        <div class=\"el-lines__line\"><\/div>\n        <div class=\"el-lines__line\"><\/div>\n        <div class=\"el-lines__line\"><\/div>\n        <div class=\"el-lines__line\"><\/div>\n    <\/div>\n<\/section>\n","protected":false},"excerpt":{"rendered":"","protected":false},"author":1,"featured_media":0,"parent":0,"menu_order":0,"comment_status":"closed","ping_status":"closed","template":"","meta":{"_acf_changed":false,"inline_featured_image":false,"footnotes":""},"class_list":["post-31084","page","type-page","status-publish","hentry"],"acf":[],"yoast_head":"<!-- This site is optimized with the Yoast SEO Premium plugin v27.2 (Yoast SEO v27.2) - https:\/\/yoast.com\/product\/yoast-seo-premium-wordpress\/ -->\n<title>Contacte-nos | Quantfury<\/title>\n<meta name=\"description\" content=\"Pode encontrar desenvolvedores de produtos, cientistas, especialistas de suporte e consultores da Quantfury em todo o mundo.\" \/>\n<meta name=\"robots\" content=\"index, follow, max-snippet:-1, max-image-preview:large, max-video-preview:-1\" \/>\n<link rel=\"canonical\" href=\"https:\/\/quantfury.com\/portuge\/contacte-nos\/\" \/>\n<meta property=\"og:locale\" content=\"pt_PT\" \/>\n<meta property=\"og:type\" content=\"article\" \/>\n<meta property=\"og:title\" content=\"Contacte-nos | Quantfury\" \/>\n<meta property=\"og:description\" content=\"Pode encontrar desenvolvedores de produtos, cientistas, especialistas de suporte e consultores da Quantfury em todo o mundo.\" \/>\n<meta property=\"og:url\" content=\"https:\/\/quantfury.com\/portuge\/contacte-nos\/\" \/>\n<meta property=\"og:site_name\" content=\"Quantfury\" \/>\n<meta property=\"article:modified_time\" content=\"2025-09-11T18:30:48+00:00\" \/>\n<meta property=\"og:image\" content=\"https:\/\/quantfury.com\/wp-content\/uploads\/2025\/04\/Prev-Image-v7.png\" \/>\n\t<meta property=\"og:image:width\" content=\"1200\" \/>\n\t<meta property=\"og:image:height\" content=\"630\" \/>\n\t<meta property=\"og:image:type\" content=\"image\/png\" \/>\n<meta name=\"twitter:card\" content=\"summary_large_image\" \/>\n<meta name=\"twitter:description\" content=\"Pode encontrar desenvolvedores de produtos, cientistas, especialistas de suporte e consultores da Quantfury em todo o mundo.\" \/>\n<meta name=\"twitter:site\" content=\"@quantfury\" \/>\n<meta name=\"twitter:label1\" content=\"Tempo estimado de leitura\" \/>\n\t<meta name=\"twitter:data1\" content=\"1 minuto\" \/>\n<script type=\"application\/ld+json\" class=\"yoast-schema-graph\">{\"@context\":\"https:\/\/schema.org\",\"@graph\":[{\"@type\":\"Article\",\"@id\":\"https:\/\/quantfury.com\/portuge\/contacte-nos\/#article\",\"isPartOf\":{\"@id\":\"https:\/\/quantfury.com\/portuge\/contacte-nos\/\"},\"author\":{\"name\":\"Quantfury\",\"@id\":\"https:\/\/quantfury.com\/#\/schema\/person\/a9f7e8493050fd0144e9482425234990\"},\"headline\":\"Contacte-nos\",\"datePublished\":\"2025-03-08T16:09:12+00:00\",\"dateModified\":\"2025-09-11T18:30:48+00:00\",\"mainEntityOfPage\":{\"@id\":\"https:\/\/quantfury.com\/portuge\/contacte-nos\/\"},\"wordCount\":1,\"publisher\":{\"@id\":\"https:\/\/quantfury.com\/#organization\"},\"inLanguage\":\"pt-PT\"},{\"@type\":\"WebPage\",\"@id\":\"https:\/\/quantfury.com\/portuge\/contacte-nos\/\",\"url\":\"https:\/\/quantfury.com\/portuge\/contacte-nos\/\",\"name\":\"Contacte-nos | Quantfury\",\"isPartOf\":{\"@id\":\"https:\/\/quantfury.com\/#website\"},\"datePublished\":\"2025-03-08T16:09:12+00:00\",\"dateModified\":\"2025-09-11T18:30:48+00:00\",\"description\":\"Pode encontrar desenvolvedores de produtos, cientistas, especialistas de suporte e consultores da Quantfury em todo o mundo.\",\"breadcrumb\":{\"@id\":\"https:\/\/quantfury.com\/portuge\/contacte-nos\/#breadcrumb\"},\"inLanguage\":\"pt-PT\",\"potentialAction\":[{\"@type\":\"ReadAction\",\"target\":[\"https:\/\/quantfury.com\/portuge\/contacte-nos\/\"]}]},{\"@type\":\"BreadcrumbList\",\"@id\":\"https:\/\/quantfury.com\/portuge\/contacte-nos\/#breadcrumb\",\"itemListElement\":[{\"@type\":\"ListItem\",\"position\":1,\"name\":\"Home\",\"item\":\"https:\/\/quantfury.com\/portuge\/\"},{\"@type\":\"ListItem\",\"position\":2,\"name\":\"Contacte-nos\"}]},{\"@type\":\"WebSite\",\"@id\":\"https:\/\/quantfury.com\/#website\",\"url\":\"https:\/\/quantfury.com\/\",\"name\":\"Quantfury\",\"description\":\"\",\"publisher\":{\"@id\":\"https:\/\/quantfury.com\/#organization\"},\"potentialAction\":[{\"@type\":\"SearchAction\",\"target\":{\"@type\":\"EntryPoint\",\"urlTemplate\":\"https:\/\/quantfury.com\/?s={search_term_string}\"},\"query-input\":{\"@type\":\"PropertyValueSpecification\",\"valueRequired\":true,\"valueName\":\"search_term_string\"}}],\"inLanguage\":\"pt-PT\"},{\"@type\":\"Organization\",\"@id\":\"https:\/\/quantfury.com\/#organization\",\"name\":\"Quantfury\",\"url\":\"https:\/\/quantfury.com\/\",\"logo\":{\"@type\":\"ImageObject\",\"inLanguage\":\"pt-PT\",\"@id\":\"https:\/\/quantfury.com\/#\/schema\/logo\/image\/\",\"url\":\"https:\/\/quantfury.com\/wp-content\/uploads\/2021\/04\/logo.svg\",\"contentUrl\":\"https:\/\/quantfury.com\/wp-content\/uploads\/2021\/04\/logo.svg\",\"width\":165,\"height\":36,\"caption\":\"Quantfury\"},\"image\":{\"@id\":\"https:\/\/quantfury.com\/#\/schema\/logo\/image\/\"},\"sameAs\":[\"https:\/\/x.com\/quantfury\",\"https:\/\/instagram.com\/quantfury\",\"https:\/\/www.linkedin.com\/company\/quantfury\/\",\"https:\/\/www.youtube.com\/c\/Quantfury\"]},{\"@type\":\"Person\",\"@id\":\"https:\/\/quantfury.com\/#\/schema\/person\/a9f7e8493050fd0144e9482425234990\",\"name\":\"Quantfury\",\"sameAs\":[\"https:\/\/quantfury.com\"],\"url\":\"https:\/\/quantfury.com\/portuge\/author\/admin\/\"}]}<\/script>\n<!-- \/ Yoast SEO Premium plugin. -->","yoast_head_json":{"title":"Contacte-nos | Quantfury","description":"Pode encontrar desenvolvedores de produtos, cientistas, especialistas de suporte e consultores da Quantfury em todo o mundo.","robots":{"index":"index","follow":"follow","max-snippet":"max-snippet:-1","max-image-preview":"max-image-preview:large","max-video-preview":"max-video-preview:-1"},"canonical":"https:\/\/quantfury.com\/portuge\/contacte-nos\/","og_locale":"pt_PT","og_type":"article","og_title":"Contacte-nos | Quantfury","og_description":"Pode encontrar desenvolvedores de produtos, cientistas, especialistas de suporte e consultores da Quantfury em todo o mundo.","og_url":"https:\/\/quantfury.com\/portuge\/contacte-nos\/","og_site_name":"Quantfury","article_modified_time":"2025-09-11T18:30:48+00:00","og_image":[{"width":1200,"height":630,"url":"https:\/\/quantfury.com\/wp-content\/uploads\/2025\/04\/Prev-Image-v7.png","type":"image\/png"}],"twitter_card":"summary_large_image","twitter_description":"Pode encontrar desenvolvedores de produtos, cientistas, especialistas de suporte e consultores da Quantfury em todo o mundo.","twitter_site":"@quantfury","twitter_misc":{"Tempo estimado de leitura":"1 minuto"},"schema":{"@context":"https:\/\/schema.org","@graph":[{"@type":"Article","@id":"https:\/\/quantfury.com\/portuge\/contacte-nos\/#article","isPartOf":{"@id":"https:\/\/quantfury.com\/portuge\/contacte-nos\/"},"author":{"name":"Quantfury","@id":"https:\/\/quantfury.com\/#\/schema\/person\/a9f7e8493050fd0144e9482425234990"},"headline":"Contacte-nos","datePublished":"2025-03-08T16:09:12+00:00","dateModified":"2025-09-11T18:30:48+00:00","mainEntityOfPage":{"@id":"https:\/\/quantfury.com\/portuge\/contacte-nos\/"},"wordCount":1,"publisher":{"@id":"https:\/\/quantfury.com\/#organization"},"inLanguage":"pt-PT"},{"@type":"WebPage","@id":"https:\/\/quantfury.com\/portuge\/contacte-nos\/","url":"https:\/\/quantfury.com\/portuge\/contacte-nos\/","name":"Contacte-nos | Quantfury","isPartOf":{"@id":"https:\/\/quantfury.com\/#website"},"datePublished":"2025-03-08T16:09:12+00:00","dateModified":"2025-09-11T18:30:48+00:00","description":"Pode encontrar desenvolvedores de produtos, cientistas, especialistas de suporte e consultores da Quantfury em todo o mundo.","breadcrumb":{"@id":"https:\/\/quantfury.com\/portuge\/contacte-nos\/#breadcrumb"},"inLanguage":"pt-PT","potentialAction":[{"@type":"ReadAction","target":["https:\/\/quantfury.com\/portuge\/contacte-nos\/"]}]},{"@type":"BreadcrumbList","@id":"https:\/\/quantfury.com\/portuge\/contacte-nos\/#breadcrumb","itemListElement":[{"@type":"ListItem","position":1,"name":"Home","item":"https:\/\/quantfury.com\/portuge\/"},{"@type":"ListItem","position":2,"name":"Contacte-nos"}]},{"@type":"WebSite","@id":"https:\/\/quantfury.com\/#website","url":"https:\/\/quantfury.com\/","name":"Quantfury","description":"","publisher":{"@id":"https:\/\/quantfury.com\/#organization"},"potentialAction":[{"@type":"SearchAction","target":{"@type":"EntryPoint","urlTemplate":"https:\/\/quantfury.com\/?s={search_term_string}"},"query-input":{"@type":"PropertyValueSpecification","valueRequired":true,"valueName":"search_term_string"}}],"inLanguage":"pt-PT"},{"@type":"Organization","@id":"https:\/\/quantfury.com\/#organization","name":"Quantfury","url":"https:\/\/quantfury.com\/","logo":{"@type":"ImageObject","inLanguage":"pt-PT","@id":"https:\/\/quantfury.com\/#\/schema\/logo\/image\/","url":"https:\/\/quantfury.com\/wp-content\/uploads\/2021\/04\/logo.svg","contentUrl":"https:\/\/quantfury.com\/wp-content\/uploads\/2021\/04\/logo.svg","width":165,"height":36,"caption":"Quantfury"},"image":{"@id":"https:\/\/quantfury.com\/#\/schema\/logo\/image\/"},"sameAs":["https:\/\/x.com\/quantfury","https:\/\/instagram.com\/quantfury","https:\/\/www.linkedin.com\/company\/quantfury\/","https:\/\/www.youtube.com\/c\/Quantfury"]},{"@type":"Person","@id":"https:\/\/quantfury.com\/#\/schema\/person\/a9f7e8493050fd0144e9482425234990","name":"Quantfury","sameAs":["https:\/\/quantfury.com"],"url":"https:\/\/quantfury.com\/portuge\/author\/admin\/"}]}},"_links":{"self":[{"href":"https:\/\/quantfury.com\/portuge\/wp-json\/wp\/v2\/pages\/31084","targetHints":{"allow":["GET"]}}],"collection":[{"href":"https:\/\/quantfury.com\/portuge\/wp-json\/wp\/v2\/pages"}],"about":[{"href":"https:\/\/quantfury.com\/portuge\/wp-json\/wp\/v2\/types\/page"}],"author":[{"embeddable":true,"href":"https:\/\/quantfury.com\/portuge\/wp-json\/wp\/v2\/users\/1"}],"replies":[{"embeddable":true,"href":"https:\/\/quantfury.com\/portuge\/wp-json\/wp\/v2\/comments?post=31084"}],"version-history":[{"count":8,"href":"https:\/\/quantfury.com\/portuge\/wp-json\/wp\/v2\/pages\/31084\/revisions"}],"predecessor-version":[{"id":36470,"href":"https:\/\/quantfury.com\/portuge\/wp-json\/wp\/v2\/pages\/31084\/revisions\/36470"}],"wp:attachment":[{"href":"https:\/\/quantfury.com\/portuge\/wp-json\/wp\/v2\/media?parent=31084"}],"curies":[{"name":"wp","href":"https:\/\/api.w.org\/{rel}","templated":true}]}}